5*m, 0 = -m - 2. What is the tens digit of o(j)?
1
Suppose -183*r = -121*r - 3410. What is the units digit of r?
5
Suppose 16*u - 6493 = 17347. Suppose 2*w = 2*g + 996, -w = 2*w - g - u. What is the tens digit of w?
9
Let o(l) = 1810*l + 346. What is the hundreds digit of o(5)?
3
Let c(m) be the second derivative of -m**4/12 - 11*m**3/2 + 12*m**2 - 2*m + 17. What is the units digit of c(-31)?
6
Suppose -4*k - 2*n + 45 = -21, 3*n + 6 = k. What is the units digit of 19 - (-2 + k) - (-473 + 0)?
9
Suppose 2*t + 2894*r - 49948 = 2896*r, 0 = -3*t + 2*r + 74925. What is the ten thousands digit of t?
2
Suppose 2*d + 4*j + 75 = 5*d, 3*j = 2*d - 50. Suppose d = 9*s - 4*s. Suppose 0 = -3*l + 5*l - n - 59, -2*n - 145 = -s*l. What is the tens digit of l?
2
Let t be 1 + 7/7 + 3. Suppose -5*d = -t*q - 1260, -18*d + 14*d = -2*q - 1004. What is the units digit of d?
0
Suppose 3*f - 6674 = -f - 2*m, -3*m = f - 1656. Let d = f - 714. What is the units digit of d?
7
Let f(o) = o**3 - 28*o**2 + 2*o - 53. Let r be f(28). What is the tens digit of (r - (-35)/(-10))*(-1262 + 0)?
3
Let u(d) = -29*d - 12. Let v(n) = n**2 + 5*n - 9. Let w be v(-7). Suppose -5 = w*a + 20. What is the hundreds digit of u(a)?
1
Suppose 0 = z - 5*z + 16, 2*j - 202 = -4*z. Suppose j + 75 = 2*f. Suppose 0 = -5*d - 2*d + f. What is the tens digit of d?
1
What is the ten thousands digit of (-98244)/21*(-315)/90?
1
Let q(a) = -244*a**2 - 3*a - 5. Let t(n) = 244*n**2 + 2*n + 4. Let y(o) = 4*q(o) + 5*t(o). Let j be y(-1). Suppose 31*h - 25*h = j. What is the tens digit of h?
4
Let u(j) = 156*j**3 - j**2 + 7*j. What is the hundreds digit of u(3)?
2
Suppose -17298 - 103249 = -3*m + 120500. What is the tens digit of m?
4
Suppose 5*a + 10*d - 2552 = -3*d, -4*d = -2*a + 984. What is the hundreds digit of a?
5
Let y = -123 - -39. What is the units digit of (19/(931/y))/((-4)/126)?
4
Suppose 0 = -32*i + 46137 - 6713. Let t = i + 87. What is the units digit of t?
9
Suppose c - 2772 = -420. Suppose -6*t = -14*t + c. What is the units digit of t?
4
Let y = -5038 - -11519. What is the thousands digit of y?
6
Suppose -l - 345 = 4*l. Let q be (-2 + 260)/(13 + -9)*2. Let a = q + l. What is the tens digit of a?
6
Suppose -28*i - 4908 + 44388 = 0. Suppose -108*r + i = -106*r. What is the units digit of r?
5
Let k(j) = 11*j**2 - 8*j + 320. What is the hundreds digit of k(27)?
1
Suppose 39*a - 65*a = -52734 - 264648. What is the hundreds digit of a?
2
Let y(v) = 27*v - 108. Suppose -26*k + 25*k + 8 = 0. What is the units digit of y(k)?
8
Let s be (22/10 - 1)*30/9. Let o(q) be the third derivative of 5*q**4/12 + q**3/3 - 13*q**2. What is the units digit of o(s)?
2
Suppose -3*k = 4*u + 33, -6*u + 24 = -9*u - 2*k. What is the tens digit of (u/(-2))/(54/20178)?
2
Let w(d) = -363*d - 4069. What is the tens digit of w(-38)?
2
Let x(b) = -87*b**2 - b. Let a(z) = -259*z**2 - 3*z. Let m(o) = 2*a(o) - 7*x(o). Let h = 6 - 5. What is the units digit of m(h)?
2
Let o be (2 + 4 - 7)*(-2 - 0). Suppose -2*j = o*j + 2*v - 3468, j - 867 = -5*v. What is the tens digit of j?
6
Let x(j) = 74*j - 42. Let g be x(15). Suppose 24*r - g = 18*r. What is the hundreds digit of r?
1
Suppose 0 = -w + 5*r + 501, 24*w + 1032 = 26*w + 5*r. Suppose -2*d = 5*d - w. What is the tens digit of d?
7
Suppose 39*a = 235004 + 158701. What is the tens digit of a?
9
Suppose -21*o = 7983 - 1893. Suppose 5*d = 7*d + 886. Let u = o - d. What is the hundreds digit of u?
1
Let i = -12922 - -20424. What is the tens digit of i?
0
Suppose -261*s + 1178678 = 258211 - 1384163. What is the tens digit of s?
3
Let h = -441 - 155. Let o = 970 + h. What is the units digit of o?
4
Let s = -1247 + 2778. Let c = s - 1046. What is the tens digit of c?
8
Let m = -238 - 87. Let i = m - -874. What is the hundreds digit of i?
5
Let u(t) = 3*t - 20. Suppose 0 = -2*v + 48 - 32. Let j be u(v). Suppose -j*l = -20 - 172. What is the tens digit of l?
4
Let i(h) = 184*h**2 + 5*h + 6. Let a be i(-3). Let p = -764 + a. Suppose -6*j + p = 331. What is the tens digit of j?
9
Let h be 17303/77 + (-6)/(-21). Suppose -r = 5*l - h, -4*r + 807 = -3*l - 208. What is the tens digit of r?
5
Let r be 80/(-60) - (0 - 19/3). Suppose -r*d = 3*c - 7*c - 1861, -4 = c. What is the units digit of d?
9
What is the hundreds digit of 4186*168/441*3?
7
Let c(k) = k + 7. Let x = 32 + -29. Let n be c(x). What is the units digit of 64/n - (-4)/(-10)?
6
Suppose 9*c + 2*c - 44 = 0. Suppose -c*p - 5*n + 2022 = -713, -5*p + 2*n = -3460. What is the tens digit of p?
9
Let o be 2/(-6)*(5 + 45/(-9)). Suppose o = -9*f + 5157 + 3069. What is the hundreds digit of f?
9
Let z(f) = f**3 + 6*f**2 - 5*f + 15. Let a be z(-7). Let c be (-3 - (0 - 3))/a. Suppose n - 3*n - 5*j + 66 = 0, c = -n + 3*j + 11. What is the units digit of n?
3
What is the units digit of (-10548*7/(-28))/(4/(-6) + 1)?
1
Let t(u) = -u**3 + 23*u**2 - 42*u - 36. Let p be t(22). Let g = 506 + p. What is the units digit of g?
0
Let i(w) = -30*w + 1660. What is the thousands digit of i(-62)?
3
Suppose 3*f + 2*f = 0. Suppose 6 = 2*w - 4*w - 3*x, -3*x = f. What is the units digit of (2/w)/((140/(-2583))/10)?
3
Let c(k) = 8*k**3 + 38*k**2 - 102*k + 977. What is the thousands digit of c(15)?
4
Let h(g) = -49*g**3 + 4*g**2 + 35*g - 1. What is the tens digit of h(-5)?
4
Suppose 3*d + 4*m = -2*d + 1442, 1452 = 5*d - m. Let t = d + -214. What is the units digit of t?
6
Let g(v) = v**3 + 17*v**2 - 6*v - 39. Let j(d) = -d**3 - 18*d**2 + 5*d + 40. Let p(z) = 5*g(z) + 6*j(z). What is the tens digit of p(-23)?
4
Let f be (2/3)/((-7)/(-21)). Suppose -5*z = f*g - 1010 + 180, 5*g = -5*z + 2045. What is the units digit of g?
5
Suppose -20*g = 3 - 43. Suppose -3*z - 6000 = -5*b, 11*z - 16*z = -g*b + 2381. What is the hundreds digit of b?
2
Let t(s) = -s**3 + 8*s**2 - 3*s + 29. Let o = -10 - -18. Let l be t(o). Suppose l*i = -20, -5*i = q - 2 + 3. What is the tens digit of q?
1
Let x(s) = s**2 - 8*s + 1. Let p be x(8). Let c be (p - 1)/(4/4). What is the units digit of ((-304)/(-6) - c)*3?
2
Let m(r) = -12*r**2 - 6*r + 6. Let o(u) = 13*u**2 + 5*u - 4. Let x(t) = -3*m(t) - 2*o(t). What is the hundreds digit of x(3)?
1
Let v(n) = 45*n**2 + n - 6. Let i be -3*4/(-15)*(-5)/(-2). What is the units digit of v(i)?
6
Let a(r) = r**3 - 21*r**2 - 42*r + 2034. What is the tens digit of a(44)?
1
Let k = -42220 + 87759. What is the thousands digit of k?
5
Suppose 2*d - 1051 - 5325 = 0. What is the hundreds digit of d?
1
Let o(t) = -1529*t + 37. Let d be o(-1). Let g = 2357 - d. What is the units digit of g?
1
What is the tens digit of 10002/(-8)*(-420)/315?
6
Let a = -10412 + 31652. What is the tens digit of a?
4
Let b = -122 + 26. Let q = b - -96. Suppose -188 - 86 = -2*m - 4*t, -5*t = q. What is the tens digit of m?
3
Let y(i) = 4*i + 33. Let k be y(-7). Suppose 0 = 4*c - 3*f - 0*f - 57, -k*f + 45 = 5*c. Let h = 122 - c. What is the units digit of h?
0
Suppose 3*s = -3*r + 480, -s + 8*r = 11*r - 156. Suppose -164*k = -s*k - 908. What is the hundreds digit of k?
4
Let l be 9 + 5 + (-15)/5. Let y(a) = 17 + 6*a + 7*a + 34. What is the tens digit of y(l)?
9
Let n(m) = 112*m**2 + 266*m**2 - 2 + 51*m - 56*m. What is the hundreds digit of n(-1)?
3
Let x(l) = 58*l + 1006. Let p be x(-31). Let d be (2 + 1)/((-2)/8). What is the units digit of p/d + 2*2?
0
Let t = -1 + 6. Suppose -5*j - 738 - 317 = -4*b, 2*b = t*j + 515. Suppose -4*y + b = y. What is the tens digit of y?
5
Suppose 3*a - 20*w + 14*w = 93537, 0 = 3*a + 4*w - 93567. What is the units digit of a?
5
Suppose 2*b + 5*a - 391 + 145 = 0, 5*a - 10 = 0. Suppose b = -3*h - 170. What is the units digit of -1 + 3 + h/((-36)/6)?
8
Let h(f) = 6*f - 6. Let v(y) = 12*y - 12. Let g(k) = 5*h(k) - 3*v(k). Suppose 0 = 9*d - 4*d + 40. What is the units digit of g(d)?
4
Let k be 288 + (-2 - -3) + -2 + 4. Let i = -149 - -356. Let o = k - i. What is the tens digit of o?
8
Let h be 26/4 + (-65)/26. Let c be (-3 + -100)/((-2)/h). Suppose -6*f + c + 70 = 0. What is the units digit of f?
6
Suppose 23*s - 66 - 72 = 0. Let d(l) = 2*l**3 + 6*l**2 - 10*l - 10. What is the hundreds digit of d(s)?
5
Let j be 6 + (-4 - -2) + -3 + 503. Let b = j - 176. What is the hundreds digit of b?
3
Let b = -19 + 55. Let t = b + -32. What is the units digit of 14/t + (-13)/26?
3
S